ber?
False
Is 36126674393 a prime number?
False
Is 1303566977 composite?
False
Is 148005505 a prime number?
False
Is 173896647447 a prime number?
False
Is 2775004387 a prime number?
True
Is 814507103 a composite number?
True
Is 33124581785 a composite number?
True
Is 954281209 a prime number?
False
Is 2914739447 composite?
False
Is 57191711 prime?
True
Is 10617298243 a prime number?
False
Is 6400607 a composite number?
False
Is 31543952273 composite?
False
Is 77988559153 prime?
True
Is 196937471 composite?
False
Is 17931087617 a prime number?
True
Is 276204631 prime?
False
Is 2594742221 a composite number?
False
Is 5647298909 composite?
True
Is 968177831 composite?
False
Is 569232843 a prime number?
False
Is 4623356093 a composite number?
True
Is 411532691 composite?
False
Is 427966489 a composite number?
False
Is 1074218947 a composite number?
False
Is 36312127751 a composite number?
False
Is 12567479851 a prime number?
True
Is 637562501 prime?
True
Is 1636250191 a composite number?
False
Is 13406006917 prime?
True
Is 237190061 a prime number?
True
Is 53382014527 a composite number?
True
Is 875798691 a prime number?
False
Is 238909651 a prime number?
True
Is 485650959 a composite number?
True
Is 2089929679 composite?
False
Is 1501535929 a prime number?
False
Is 678286423 a composite number?
True
Is 389844217 a prime number?
False
Is 953659307 a prime number?
False
Is 1179651065 a composite number?
True
Is 76398581 a composite number?
True
Is 450400319 a composite number?
False
Is 679105373 a prime number?
True
Is 1096125071 a prime number?
True
Is 607862461 prime?
False
Is 25017191729 composite?
True
Is 73768633 composite?
True
Is 63550493527 prime?
False
Is 951453233 a composite number?
False
Is 4423121147 a composite number?
False
Is 17591405693 prime?
False
Is 4110814777 prime?
True
Is 3850095559 a prime number?
True
Is 743997127 composite?
True
Is 4164591693 a prime number?
False
Is 9010682407 composite?
False
Is 382796688563 a prime number?
True
Is 1454197139 composite?
False
Is 6540388513 prime?
False
Is 389798749 composite?
True
Is 55166941 a prime number?
False
Is 2398478899 a prime number?
True
Is 105552743497 composite?
False
Is 450367937 prime?
True
Is 317476281 composite?
True
Is 319306303 composite?
False
Is 2835566651 a composite number?
False
Is 607432379 composite?
False
Is 2981107037 a composite number?
False
Is 1466091359 prime?
True
Is 3742999253 prime?
False
Is 6479019553 a prime number?
True
Is 176611323799 composite?
False
Is 25138416899 composite?
False
Is 44313084191 prime?
False
Is 35360977 a prime number?
False
Is 391233023 a composite number?
True
Is 30582444619 prime?
True
Is 31244641061 composite?
False
Is 2690158609 prime?
True
Is 588374621 prime?
False
Is 55975930499 a composite number?
False
Is 682986641 a prime number?
True
Is 84491362481 prime?
True
Is 586959587 a composite number?
False
Is 12823714729 prime?
False
Is 57993390197 a composite number?
False
Is 3530499983 prime?
True
Is 205214829 composite?
True
Is 295653029 prime?
False
Is 2697538609 prime?
True
Is 215349524473 composite?
True
Is 4528213889 a composite number?
False
Is 11801245913 a prime number?
False
Is 6280559179 composite?
False
Is 13191017695 a prime number?
False
Is 2847461737 a prime number?
True
Is 60381723191 prime?
False
Is 52254152035 composite?
True
Is 54146673589 a prime number?
False
Is 975109943 a prime number?
True
Is 301950827 prime?
False
Is 5717658827 a composite number?
False
Is 6787985731 a prime number?
True
Is 3581247233 composite?
False
Is 126128074861 prime?
True
Is 3065729393 prime?
False
Is 5490553001 prime?
False
Is 19358037499 composite?
True
Is 1559076637 prime?
True
Is 383997721 prime?
True
Is 281060603 composite?
False
Is 34884853 a prime number?
True
Is 2536332973 composite?
True
Is 59915468863 prime?
True
Is 139638858671 a composite number?
True
Is 2277547093 a composite number?
False
Is 3538036027 a prime number?
False
Is 837671437 a composite number?
True
Is 245405327 prime?
True
Is 15165805 prime?
False
Is 12642620179 prime?
False
Is 772410047 composite?
True
Is 5657524547 a prime number?
False
Is 2355627611 composite?
True
Is 5869488029 composite?
True
Is 714271889 a composite number?
False
Is 3606833819 composite?
False
Is 1556834441 composite?
False
Is 13973181371 a composite number?
True
Is 867956489 a prime number?
False
Is 160254623 a prime number?
True
Is 4312901267 prime?
False
Is 17150411 a composite number?
False
Is 62138684093 prime?
False
Is 53189033 composite?
True
Is 1105257827 prime?
True
Is 409512517 a composite number?
True
Is 1733717213 a composite number?
False
Is 23154913333 a prime number?
True
Is 8249012341 a composite number?
True
Is 134758849 prime?
False
Is 25958417 prime?
True
Is 575276179 a composite number?
False
Is 3377498123 composite?
True
Is 1640567969 composite?
False
Is 3855116233 prime?
True
Is 15579661711 composite?
True
Is 93823783 prime?
True
Is 2002132157 prime?
True
Is 6841554197 a composite number?
True
Is 26711460059 composite?
False
Is 178563013 a composite number?
True
Is 2257408091 prime?
True
Is 676647193 prime?
True
Is 324001421 composite?
False
Is 127129549 a prime number?
True
Is 45352189 a composite number?
True
Is 536626591 composite?
True
Is 9493546717 a composite number?
False
Is 22166100751 composite?
False
Is 3552019487 prime?
True
Is 25943475737 a composite number?
False
Is 7241447753 composite?
False
Is 1607358013 prime?
False
Is 39650961101 a composite number?
True
Is 15146127977 composite?
False
Is 655586417 prime?
True
Is 147710844277 composite?
True
Is 9266080801 a prime number?
True
Is 12003912643 prime?
True
Is 1712189429 a composite number?
False
Is 338038650539 prime?
False
Is 770130859 prime?
True
Is 16221737983 composite?
True
Is 81255973 prime?
False
Is 5514371657 a prime number?
False
Is 2712463717 composite?
True
Is 1972741915 a prime number?
False
Is 174333143 a prime number?
False
Is 75788154679 prime?
False
Is 2593363859 a composite number?
True
Is 16871844589 composite?
False
Is 8284575199 a composite number?
False
Is 414731467 prime?
True
Is 10706265631 a prime number?
False
Is 1131454171 composite?
True
Is 5234578357 a composite number?
True
Is 247481050429 a prime number?
True
Is 402482617 composite?
False
Is 8418427063 a composite number?
True
Is 10890261643 prime?
True
Is 566214091 a prime number?
False
Is 2185540613 composite?
False
Is 12041909197 prime?
True
Is 36831241871 a prime number?
False
Is 823828637 a composite number?
False
Is 4237971671 a prime number?
True
Is 893085311 composite?
False
Is 2457648139 composite?
True
Is 867104597 a prime number?
True
Is 112511630881 a composite number?
True
Is 2859148293 a prime number?
False
Is 17085732047 prime?
True
Is 654457589 a prime number?
False
Is 786357727 prime?
False
Is 30511408142 composite?
True
Is 529091153 composite?
True
Is 90092460179 prime?
True
Is 4941293605 a composite number?
True
Is 4774640191 a composite number?
False
Is 24368291 a composite number?
False
Is 9307706701 composite?
False
Is 13899200563 a prime number?
False
Is 11187709339 prime?
True
Is 258942823 composite?
True
Is 147827689 composite?
True
Is 53069793617 a prime number?
False
Is 56715717247 a composite number?
True
Is 2990346991 composite?
True
Is 169769944829 prime?
True
Is 117635963 a prime number?
False
Is 65761548989 prime?
False
Is 7543265903 composite?
False
Is 2585374889 prime?
False
Is 54546646499 a prime number?
True
Is 2005254113 composite?
True
Is 20992129 a composite number?
False
Is 2186009149 a composite number?
False
Is 14634485249 a composite number?
True
Is 335849081 composite?
True
Is 979334921 a prime number?
False
Is 190732807 a prime number?
False
Is 67724219957 composite?
False
Is 444394697 composite?
False
Is 61590913457 composite?
False
Is 75997379 prime?
False
Is 1675912939 composite?
True
Is 10292222569 prime?
False
Is 1323134779 a prime number?
True
Is 83937773 a composite number?
True
Is 2273979923 a composite number?
False
Is 58585288591 prime?
True
Is 143996623 prime?
True
Is 34324359367 a prime number?
True
Is 36194180833 prime?
True
Is 1946069287 prime?
False
Is 3963675397 a composite number?
True
Is 787548799 prime?
False
Is 12457721915 a composite number?
Tru